?
False
Does 2 divide 1848?
True
Is 57 a factor of 56943?
True
Does 164 divide 14268?
True
Is 5064 a multiple of 24?
True
Is 5747 a multiple of 56?
False
Does 55 divide 935?
True
Is 14 a factor of 8988?
True
Is 8 a factor of 736?
True
Is 1175 a multiple of 23?
False
Does 6 divide 1842?
True
Is 9 a factor of 540?
True
Is 216 even?
True
Does 11 divide 3003?
True
Is 299 a multiple of 13?
True
Is 495 a multiple of 33?
True
Is 148 a factor of 2072?
True
Is 6 a factor of 7254?
True
Does 3 divide 414?
True
Is 850 a multiple of 9?
False
Does 14 divide 7258?
False
Is 67 a factor of 3970?
False
Is 4115 a multiple of 39?
False
Does 4 divide 268?
True
Is 4815 a multiple of 24?
False
Is 38 a factor of 4256?
True
Does 31 divide 17073?
False
Is 11 a factor of 4399?
False
Is 703 a multiple of 15?
False
Is 20 a factor of 460?
True
Is 74166 a multiple of 94?
True
Does 63 divide 819?
True
Is 43 a factor of 2622?
False
Does 50 divide 106850?
True
Does 88 divide 325?
False
Does 78 divide 1872?
True
Is 182 a factor of 891?
False
Is 2834 a multiple of 13?
True
Is 20580 a multiple of 196?
True
Is 37236 a multiple of 281?
False
Is 11712 a multiple of 69?
False
Is 235 a factor of 8781?
False
Is 61700 a multiple of 25?
True
Is 17 a factor of 7803?
True
Does 36 divide 19224?
True
Is 50 a factor of 19250?
True
Is 63 a factor of 92808?
False
Is 102 a factor of 147365?
False
Is 24708 a multiple of 116?
True
Does 214 divide 8783?
False
Is 7469 a multiple of 97?
True
Does 25 divide 2350?
True
Is 90 a factor of 2728?
False
Is 22855 a multiple of 12?
False
Is 30 a factor of 2712?
False
Is 5 a factor of 236?
False
Is 102 a factor of 1122?
True
Does 53 divide 63653?
True
Is 860 a multiple of 3?
False
Is 722 a multiple of 62?
False
Does 137 divide 72830?
False
Is 2440 a multiple of 5?
True
Is 353 a multiple of 69?
False
Does 10 divide 110?
True
Does 39 divide 1613?
False
Is 3 a factor of 58?
False
Is 190 a factor of 12730?
True
Is 30315 a multiple of 43?
True
Is 26677 a multiple of 7?
True
Is 75075 a multiple of 25?
True
Does 40 divide 520?
True
Is 4080 a multiple of 24?
True
Is 2583 a multiple of 63?
True
Is 14 a factor of 13560?
False
Is 30431 a multiple of 519?
False
Is 119 a factor of 13447?
True
Is 4753 a multiple of 49?
True
Is 6941 a multiple of 36?
False
Is 29 a factor of 5510?
True
Is 54701 a multiple of 29?
False
Is 51 a factor of 9382?
False
Is 43 a factor of 6863?
False
Does 7 divide 906?
False
Does 21 divide 126?
True
Is 12 a factor of 12193?
False
Is 3946 a multiple of 5?
False
Is 781 a multiple of 60?
False
Is 27 a factor of 14382?
False
Is 28 a factor of 4613?
False
Is 52 a factor of 20573?
False
Is 744 a multiple of 31?
True
Does 21 divide 504?
True
Is 16 a factor of 680?
False
Does 22 divide 352?
True
Is 33468 a multiple of 42?
False
Does 6 divide 15419?
False
Is 367 a multiple of 2?
False
Is 1520 a multiple of 4?
True
Does 42 divide 52458?
True
Is 125664 a multiple of 374?
True
Is 83 a factor of 2047?
False
Does 11 divide 1934?
False
Does 16 divide 2739?
False
Is 81 a factor of 22518?
True
Is 2290 a multiple of 5?
True
Does 7 divide 731?
False
Is 10 a factor of 15901?
False
Does 13 divide 123545?
False
Is 1059 a multiple of 118?
False
Is 13 a factor of 5787?
False
Does 21 divide 34120?
False
Does 24 divide 4536?
True
Is 216 a multiple of 5?
False
Is 4 a factor of 26?
False
Is 6 a factor of 4034?
False
Does 22 divide 682?
True
Does 21 divide 4756?
False
Is 23 a factor of 909?
False
Is 51 a factor of 1100?
False
Is 7 a factor of 6776?
True
Does 8 divide 1896?
True
Is 15 a factor of 16555?
False
Is 17 a factor of 21878?
False
Does 34 divide 20996?
False
Does 62 divide 683?
False
Does 19 divide 1499?
False
Does 16 divide 4409?
False
Is 232 a multiple of 11?
False
Is 308 a multiple of 31?
False
Is 25 a factor of 538?
False
Is 96105 a multiple of 43?
True
Does 186 divide 5037?
False
Is 15 a factor of 723?
False
Is 1005 a multiple of 8?
False
Does 54 divide 7344?
True
Is 11168 a multiple of 32?
True
Does 19 divide 114?
True
Is 111 a factor of 14652?
True
Is 29 a factor of 19215?
False
Is 28 a factor of 6328?
True
Does 74 divide 12233?
False
Does 53 divide 36146?
True
Does 14 divide 47?
False
Is 78 a factor of 91189?
False
Does 7 divide 7189?
True
Does 15 divide 1335?
True
Is 135 a multiple of 5?
True
Is 42504 a multiple of 184?
True
Is 1011 a multiple of 8?
False
Is 6011 a multiple of 32?
False
Is 92 a factor of 499?
False
Is 122 a factor of 22448?
True
Is 1637 a multiple of 222?
False
Is 49714 a multiple of 106?
True
Is 15 a factor of 2248?
False
Is 218 a factor of 3349?
False
Is 20961 a multiple of 137?
True
Is 2 a factor of 44?
True
Is 17 a factor of 10931?
True
Does 17 divide 1037?
True
Does 207 divide 51074?
False
Does 13 divide 2462?
False
Does 15 divide 15?
True
Is 2048 a multiple of 5?
False
Is 684 a multiple of 12?
True
Is 4097 a multiple of 17?
True
Does 268 divide 20904?
True
Does 54 divide 1221?
False
Is 2784 a multiple of 8?
True
Is 24 a factor of 48312?
True
Is 3660 a multiple of 122?
True
Does 44 divide 2298?
False
Does 47 divide 36002?
True
Is 115849 a multiple of 15?
False
Does 31 divide 2976?
True
Is 30 a factor of 27000?
True
Is 300 a multiple of 25?
True
Is 115 a multiple of 2?
False
Is 340 a factor of 53040?
True
Is 186 a multiple of 22?
False
Is 83 a factor of 8675?
False
Does 10 divide 1703?
False
Is 90 a factor of 10530?
True
Is 55 a factor of 1320?
True
Is 49 a factor of 66251?
False
Does 7 divide 455?
True
Is 27 a factor of 2170?
False
Does 13 divide 1066?
True
Does 10 divide 120?
True
Is 258 a multiple of 20?
False
Does 6 divide 8827?
False
Is 10 a factor of 11798?
False
Is 308 a factor of 47740?
True
Does 12 divide 61815?
False
Is 4640 a multiple of 10?
True
Is 13 a factor of 9585?
False
Is 6 a factor of 1597?
False
Is 999 a multiple of 27?
True
Does 63 divide 3199?
False
Is 39263 a multiple of 71?
True
Does 2 divide 61?
False
Is 28896 a multiple of 96?
True
Does 21 divide 14448?
True
Is 4 a factor of 2546?
False
Is 10 a factor of 488?
False
Is 4984 a multiple of 14?
True
Is 6603 a multiple of 29?
False
Does 14 divide 8694?
True
Is 1051 a multiple of 33?
False
Is 3204 a multiple of 6?
True
Is 21534 a multiple of 222?
True
Is 345 a multiple of 10?
False
Is 69 a factor of 10557?
True
Does 4 divide 1425?
False
Does 18 divide 6748?
False
Is 41 a factor of 392?
False
Does 5 divide 4462?
False
Is 10 a factor of 12735?
False
Is 9548 a multiple of 124?
True
Is 17544 even?
True
Does 27 divide 13743?
True
Is 8 a factor of 825?
False
Does 15 divide 60?
True
Is 7176 a multiple of 24?
True
Does 12 divide 48?
True
Does 9 divide 604?
False
Is 1717 a multiple of 57?
False
Is 93761 a multiple of 46?
False
Is 50 a factor of 1726?
False
Does 5 divide 80?
True
Is 42 a factor of 59?
False
Is 20 a factor of 2042?
False
Is 2636 a multiple of 35?
False
Does 54 divide 1296?
True
Is 5979 a multiple of 10?
False
Does 49 divide 688?
False
Is 1560 a multiple of 26?
True
Is 53 a factor of 17120?
False
Is 109 a multiple of 4?
False
Is 24 a factor of 2248?
False
Does 129 divide 17031?
False
Is 131 a factor of 20059?
False
Is 10 a factor of 790?
True
Does 12 divide 78?
False
Is 9 a factor of 72?
True
Does 14 divide 1334?
False
Does 39 divide 2574?
True
Does 25 divide 488?
False
Is 2 a factor of 314?
True
Is 752 a multiple of 26?
False
Is 51285 a multiple of 13?
True
Is 28850 a multiple of 50?
True
Does 69 divide 2070?
True
Does 10 divide 1500?
True
Is 114 a multiple of 20?
False
Does 15 divide 344?
False
Is 3723 a multiple of 71?
False
Is 35 a factor of 105?
True
Is 30653 a multiple of 7?
True
Does 115 divide 27255?
True
Is 13 a factor of 151935?
False
Does 11 divide 352?
True
Is 36 a factor of 3888?
True
Is 26 a factor of 768?
False
Is 70 a factor of 6230?
True
Is 91 a factor of 72539?
False
Is 7 a factor of 3203?
False
Does 10 divide 112465?
False
Is 56781 a multiple of 81?
True
Is 90 a factor of 3098?
False
Does 9 divide 1838?
False
Does 51 divide 561?
True
Is 6656 a multiple of 26?
True
Does 203 divide 7281?
False
Is 15 a factor of 1302?
False
Is 2810 a multiple of 4?
False
Does 60 divide 1320?
True
Is 13 a factor of 332?
False
Does 31 divide 155?
True
Does 14 divide 228?
False
Is 12 a factor of 48?
True
Is 14485 a multiple of 139?
False
Does 40 divide 3400?
True
I